rmine p(-8).
-26
Let i(h) = h**3 - 14*h**2 - 108*h + 636. What is i(18)?
-12
Let q(r) = 122*r**3 + 10*r**2 - 4*r - 13. Give q(-1).
-121
Let f(b) = -b**3 + 30*b**2 - 18*b + 2. Determine f(29).
321
Let n(p) = -p**3 + 10*p**2 + 43*p - 38. Give n(12).
190
Let l(o) = -19*o**2 + 49*o - 27. Determine l(2).
-5
Let r(b) = -b**3 + 5*b**2 - 18*b + 353. Give r(8).
17
Let a(i) = -3*i**2 + 68*i - 43. Calculate a(23).
-66
Let c(j) = -1274*j**2 - 33123*j + 23. What is c(-26)?
-3
Let f(k) = 11*k + 463. Give f(45).
958
Let y(f) = -213*f - 660. Calculate y(-3).
-21
Let q(d) = 2*d**3 + 3*d**2 - 99*d - 299. Give q(-3).
-29
Let l(t) = 11*t - 38. Calculate l(4).
6
Let f(l) = 12*l**2 - 329*l - 195. Give f(28).
1
Let k(d) = 73*d + 5538. Give k(-76).
-10
Let x(y) = -4*y**2 - 103*y - 418. Give x(-5).
-3
Let v(k) = -2*k - 591. Calculate v(-35).
-521
Let c(j) = -2*j**2 + 226*j - 2050. Calculate c(10).
10
Let o(j) = j**2 - 6*j + 111. Determine o(0).
111
Let t(p) = -p**2 + 332*p + 2719. Calculate t(-8).
-1
Let o(f) = 10*f**2 + 708*f - 198. Calculate o(-71).
-56
Let v(g) = 2*g**2 + 31*g - 96. Calculate v(-18).
-6
Let j(l) = -31*l + 33. Calculate j(6).
-153
Let t(n) = -6*n**2 + 15*n - 5. Determine t(1).
4
Let n(d) = 339*d - 40674. Determine n(120).
6
Let n(m) = -m**2 - 12*m + 78. What is n(-15)?
33
Let a(h) = 664*h + 5724. Determine a(-9).
-252
Let k(w) = -w**3 + 33*w**2 + 33*w + 68. What is k(34)?
34
Let h(o) = -18*o**3 - 25*o**2 - 19*o + 5. Give h(-1).
17
Let i(m) = 2*m**3 + 30*m**2 - 61*m + 9. Determine i(-17).
-110
Let x(m) = -m**3 + 72*m**2 - 63*m - 728. What is x(71)?
-160
Let k(i) = -i**3 + 7*i**2 + 12*i + 13. Calculate k(7).
97
Let w(a) = 2*a**2 + 106*a + 1279. Give w(-42).
355
Let m(l) = -l**2 + 8*l + 2. What is m(-2)?
-18
Let v(d) = 3*d**3 - 9*d**2 + 20*d + 23. Determine v(-5).
-677
Let t(x) = -8*x**2 - x - 36. What is t(0)?
-36
Let i(n) = -41*n - 92. Give i(-8).
236
Let o(t) = -260*t + 1574. What is o(6)?
14
Let y(k) = -2011*k + 92500. Calculate y(46).
-6
Let n(u) = 16*u + 562. Determine n(-15).
322
Let j(v) = 88*v - 1629. Give j(22).
307
Let w(y) = y**3 + 26*y**2 - 54*y + 46. What is w(-28)?
-10
Let x(i) = 18*i + 928. Determine x(-77).
-458
Let h(d) = -43*d - 350. Calculate h(-13).
209
Let p(f) = 9*f**2 - 807*f + 5884. Calculate p(8).
4
Let h(v) = v**3 + 7*v**2 - 22*v - 148. Calculate h(-7).
6
Let s(j) = -3261*j - 6520. Determine s(-2).
2
Let n(g) = 105*g - 9971. Determine n(95).
4
Let a(g) = g**3 - 48*g**2 - 5*g + 231. Give a(48).
-9
Let s(r) = -578*r + 6308. Give s(11).
-50
Let l(a) = -90*a - 9529. Give l(-106).
11
Let r(q) = -q**2 - 301*q - 2628. Calculate r(-292).
0
Let s(c) = -973*c + 43784. Give s(45).
-1
Let z(f) = -63*f**2 + 14*f - 26. Give z(4).
-978
Let r(h) = -h**2 - 950*h + 33451. Calculate r(34).
-5
Let f(t) = -270*t + 2117. Give f(8).
-43
Let u(c) = c**3 + 10*c**2 - 236*c - 59. What is u(-21)?
46
Let v(c) = c**3 - 7*c**2 - c + 11. What is v(4)?
-41
Let j(h) = -60*h - 261. Determine j(-12).
459
Let a(l) = -34*l - 329. What is a(-11)?
45
Let c(t) = 4*t**2 - 27*t - 88. What is c(-3)?
29
Let k(i) = 33*i - 13. Determine k(-6).
-211
Let t(w) = 212*w - 1381. Determine t(7).
103
Let o(c) = 194*c + 1307. What is o(-7)?
-51
Let j(x) = -x**3 - 3*x**2 + 108*x + 7. Give j(9).
7
Let d(s) = -5*s**2 + 249*s + 79. Calculate d(50).
29
Let g(u) = -u**3 - 33*u**2 + 112*u + 143. Determine g(-36).
-1
Let x(q) = 9667*q + 19330. What is x(-2)?
-4
Let s(a) = -a**3 - 111*a**2 - 325*a - 120. Determine s(-108).
-12
Let w(g) = 201*g - 565. Give w(2).
-163
Let f(w) = -110*w - 221. Give f(-2).
-1
Let c(l) = -8*l**3 - 3*l**2 + 3*l + 2. Give c(2).
-68
Let l(v) = -v**3 - 66*v**2 + 1413*v - 25. What is l(17)?
9
Let r(y) = 52*y - 523. Give r(9).
-55
Let u(d) = 12*d - 143. What is u(22)?
121
Let d(k) = -k**2 + 16*k - 8. Calculate d(15).
7
Let s(b) = -266*b + 296. Determine s(1).
30
Let m(o) = 20*o**2 + 521*o - 9. What is m(-26)?
-35
Let g(y) = y**2 - 25*y - 45. Determine g(23).
-91
Let p(u) = -6*u**2 - 1315*u + 10910. What is p(8)?
6
Let r(h) = -56*h + 416. Calculate r(3).
248
Let x(q) = -q**3 + 5*q + 2. Determine x(-2).
0
Let g(z) = z**3 + 9*z**2 + 20*z + 6. Calculate g(-5).
6
Let j(v) = -v**3 + v**2 + 2*v + 31. Calculate j(0).
31
Let t(k) = -k**2 + 237*k - 10124. What is t(181)?
12
Let z(v) = 5*v**2 + 27*v + 209. Calculate z(-8).
313
Let v(w) = -34*w**2 + 15*w. Give v(3).
-261
Let o(n) = n**3 - 26*n**2 + n - 17. Calculate o(26).
9
Let c(v) = 35*v**3 + 7*v**2 + 6*v - 44. Determine c(3).
982
Let m(d) = 5*d + 15. Calculate m(-1).
10
Let d(j) = 14*j - 155. What is d(27)?
223
Let t(y) = -11699*y + 35093. Give t(3).
-4
Let w(j) = -10*j**3 + 2*j**2 - 16*j - 19. Calculate w(-1).
9
Let k(p) = -p**3 + 11*p**2 + 31*p - 5. Calculate k(13).
60
Let d(k) = k**3 + 30*k**2 - 56*k + 173. Calculate d(-32).
-83
Let x(g) = -2546*g - 168031. Calculate x(-66).
5
Let z(c) = c**3 + c**2 - 18*c + 9. Determine z(4).
17
Let o(t) = t**2 - 239*t - 13102. Determine o(-46).
8
Let p(x) = 26802*x - 26802. What is p(1)?
0
Let n(b) = -2*b - 2. What is n(9)?
-20
Let w(g) = g**2 + 31*g - 22. Determine w(-22).
-220
Let c(b) = -115*b + 920. Calculate c(8).
0
Let c(n) = 44*n**2 - 12*n + 5. Calculate c(0).
5
Let v(l) = l**3 + 38*l**2 - 14*l - 1879. What is v(-37)?
8
Let f(r) = 241*r**2 + 4*r + 3. What is f(-1)?
240
Let j(z) = 2*z**2 + 113*z - 1033. Give j(8).
-1
Let q(z) = 7*z**2 + 190*z + 784. Calculate q(-22).
-8
Let t(o) = 3399*o - 16965. Give t(5).
30
Let w(m) = 225*m - 3854. Give w(17).
-29
Let v(c) = -c**2 - 121*c - 462. Determine v(-4).
6
Let g(d) = d**3 + 22*d**2 + 68*d - 7. What is g(-18)?
65
Let g(p) = 17*p**2 + 15*p + 48. Calculate g(-5).
398
Let i(t) = -t**3 - 13*t**2 + 14*t + 52. What is i(-14)?
52
Let d(i) = -69*i**2 + 44*i - 83. Determine d(2).
-271
Let c(g) = g**3 + 11*g**2 - 10*g - 42. Determine c(-11).
68
Let f(z) = 6*z**3 - 33*z**2 + 20*z - 68. Give f(7).
513
Let m(f) = f**3 + 57*f**2 + 161*f - 75. Determine m(-54).
-21
Let n(f) = -2*f**2 - 92*f + 1294. Calculate n(-57).
40
Let w(l) = 16*l - 423. Give w(25).
-23
Let u(i) = 3*i + 94. Determine u(5).
109
Let y(v) = 18*v**3 + 5*v**2 + 13*v + 1. Determine y(-2).
-149
Let f(a) = -1861*a - 24191. Give f(-13).
2
Let o(r) = 1536*r - 15356. Give o(10).
4
Let r(q) = 46*q**2 - 110*q - 25. What is r(4)?
271
Let l(y) = y**3 + 18*y**2 - 42*y - 144. Give l(-18).
612
Let p(j) = 146*j + 8892. What is p(-61)?
-14
Let d(y) = -12*y**3 + 3*y**2 - 4*y + 3. What is d(0)?
3
Let w(y) = 2*y**3 + 109*y - 216. Determine w(2).
18
Let d(l) = l - 5. Calculate d(-12).
-17
Let p(n) = -210*n + 203. What is p(1)?
-7
Let c(r) = 3*r**2 - 95*r + 717. Give c(20).
17
Let t(y) = -y**2 + 15*y - 27. What is t(3)?
9
Let c(v) = -25*v + 51. Determine c(-13).
376
Let j(r) = r**3 + 110*r**2 + 906*r - 406. Determine j(-101).
-103
Let k(w) = 7*w + 166. Give k(-31).
-51
Let q(w) = 59*w - 239. Determine q(4).
-3
Let r(l) = 790*l + 17380. Calculate r(-22).
0
Let g(k) = 4*k**2 - 50*k - 5. What is g(15)?
145
Let n(y) = y**3 + 30*y**2 - 66*y - 80. What is n(-32)?
-16
Let y(s) = -2*s**2 - 98*s + 427. What is y(-59)?
-753
Let i(a) = -97*a - 2251. Determine i(-23).
-20
Let l(c) = -4*c + 42. Give l(-1).
46
Let f(o) = -23*o**2 - 483*o - 5. Calculate f(-21).
-5
Let c(v) = v**3 - 32*v**2 + 112*v + 25. Determine c(28).
25
Let n(c) = -135*c - 14881. Give n(-110).
-31
Let s(r) = 125*r - 4023. Determine s(30).
-273
Let z(t) = -2096*t + 58696. What is z(28)?
8
Let u(p) = 8*p + 43. Give u(-7).
-13
Let j(o) = -2*o**3 + 24*o**2 + 50*o - 590. Calculate j(12).
10
Let x(s) = s**3 - 8*s**2 + 19*s - 26. What is x(3)?
-14
Let y(x) = x**3 + 7*x + 20. Determine y(-3).
-28
Let f(r) = 7*r**2 + 134*r + 316. Give f(-16).
-36
Let m(b) = 2*b**3 - 105*b**2 - 284*b + 477. Calculate m(55).
-18
Let h(a) = a**2 - 31*a + 138. Give h(22).
-60
Let f(p) = 6*p**3 - 16*p**2 + p + 8. Give f(5).
363
Let c(s) = -s**2 + 58*s - 749. Calculate c(37).
28
Let b(f) = -92*f + 3684. Calculate b(40).
4
Let c(h) = 57*h**2 - 52*h + 190. Give c(4).
894
Let n(o) = o**2 + 35*o - 52. What is n(-34)?
-86
Let h(g) = -224*g - 22179. Give h(-99).
-3
Let n(s) = -126*s**2 - 62*s - 1. What is n(-2)?
-381
Let w(g) = -2*g**2 + 54*g. Give w(-6).
-396
Let h(u) = u**2 - 78*u + 950. What is h(15)?
5
Let q(w) = 57*w + 112. Calculate q(-6).
-230
Let h(p) = -p**2 + 160*p - 6215. 